y = 21 - g. Let p = y + 0. What is the units digit of p?
6
What is the units digit of (-1 - (-484)/14) + 4/(-7)?
3
Let b(q) = -q + 7. Let s be b(7). Suppose -4*w + 50 + 65 = 3*j, s = -3*w - j + 80. What is the tens digit of w?
2
Suppose 4*v + 5*x - 30 = 1, -5*v - 2*x = -26. Let b(h) = h + 17. Let t be b(-13). Suppose t*j - v = 3*j. What is the units digit of j?
4
Let h = -59 + 90. What is the tens digit of h?
3
Let u = 23 - 15. Let j(r) = 0*r + 5 - u + r. What is the units digit of j(7)?
4
Suppose -f = 4*m - 48, -4*f + m + 13 + 230 = 0. What is the units digit of f?
0
Let y = -238 - -349. What is the hundreds digit of y?
1
Let h(r) = 2*r**2 + r + 11. What is the hundreds digit of h(7)?
1
Let d(v) = -v**3 + 2. Let h = -6 + 6. Let w be (1 + (-1 - h))/(-2). What is the units digit of d(w)?
2
Suppose -48 = -0*v + 4*v. What is the tens digit of 9/v*12*-2?
1
Suppose -6*a + 3*c = -2*a - 59, -2*a + 32 = -2*c. Let v(q) = 2 - 3 + a*q + 3*q - 1. What is the tens digit of v(1)?
1
Suppose -2*f + 18 = f. What is the units digit of f?
6
Suppose 3*j = 4*p - 19, 0*p + p - 5 = j. What is the units digit of j - 3/((-3)/10)?
9
What is the units digit of 18/81 - 25/(-9)?
3
Let i(p) be the first derivative of p**4/4 - 5*p**3/3 - 3*p - 2. Let n be i(5). Let g = 0 - n. What is the units digit of g?
3
Suppose -4*i = -2*t, 4*i + 14 = i + 5*t. Suppose 0 = i*g - 5*n + 22, -5*g - 4*n + 9 = -2. Let a = 3 + g. What is the units digit of a?
2
Suppose 5*d + 58 = 3*i - 2*i, -4*i - 2*d = -232. What is the tens digit of i?
5
Let v be 5 + 0/(-3) + 0. Suppose -3 - 42 = v*j. Let u(x) = -2*x - 8. What is the units digit of u(j)?
0
Let s(v) = 6*v - 5. Let k(a) = 5*a - 5. Let l(x) = -4*k(x) + 3*s(x). Let q be l(4). Let b = -1 - q. What is the units digit of b?
2
Let g(t) = t**3 + 4*t**2 - 6*t - 6. Let y be g(-5). What is the units digit of (-136)/(-5) - y/(-5)?
7
Let g = 222 + 9. What is the tens digit of g?
3
Let z = -111 + 190. What is the units digit of z?
9
Suppose 3*k - 5*k = -6. Suppose -k*b + 32 = b. What is the units digit of b?
8
Suppose 2*v - n - 1 = 0, v + 4*n - 6 - 17 = 0. Let h(t) = -t**3 + 7*t**2 - 3*t + 6. Let m be h(4). Suppose 18 = -v*f + m. What is the units digit of f?
8
Suppose -18*x + 660 = -12*x. What is the hundreds digit of x?
1
Let z = 15 - 3. Let f = z - 4. What is the units digit of f?
8
Let k be ((-30)/(-2))/((-3)/3). What is the units digit of 204/k*(-20)/8?
4
Let x(n) = -26*n - 12. What is the units digit of x(-4)?
2
Suppose 15 + 17 = -5*i - 2*y, 4*i = -3*y - 27. Let d = 8 + i. What is the units digit of -2*d/(-4) - -7?
8
Let t(j) = -17*j + 25. Let g(f) = 8*f - 12. Let z(d) = -13*g(d) - 6*t(d). Let q be z(4). Let x = q - -7. What is the units digit of x?
5
Let w = 137 + 106. What is the hundreds digit of w?
2
What is the units digit of (17 + 88)*(-1 + 2)?
5
Let g = 1 + 4. Suppose -4*p + 33 - g = 0. Suppose -r = 4*q - 31, 0 = 2*q - 3*r - p - 12. What is the units digit of q?
8
Let q be 3/6 + (-63)/(-2). Let b = q + -18. What is the tens digit of b?
1
Let r = 11 + -7. Let m = -9 + 8. Let g = m + r. What is the units digit of g?
3
Let d(t) be the second derivative of t**5/20 + t**4/3 - 2*t**3/3 + 3*t**2 + t. Let i = -16 + 11. What is the units digit of d(i)?
1
Let x(o) = 2*o + 4. Suppose 3*h + 18 = 2*b, -5*b - 5*h = -9 - 11. Let m be x(b). Suppose i - m = 2*l, 1 = -5*l - 19. What is the units digit of i?
8
Let y(r) = 8*r**2 - 10*r - 2. What is the hundreds digit of y(5)?
1
Let l = 158 - 120. What is the tens digit of l?
3
Let h(r) = -r**3 + r. Let i be h(0). What is the units digit of 7*((1 - -1) + i)?
4
Let w(v) = 3*v + 8. Let t be (-18)/4*20/15. Let k(b) = b + 1. Let s(z) = t*k(z) + w(z). What is the tens digit of s(-6)?
2
Let g = 297 + -190. What is the tens digit of g?
0
Let x(m) be the third derivative of -3/8*m**4 + 2*m**2 + 1/60*m**5 + 1/6*m**3 + 0*m + 0. What is the units digit of x(10)?
1
Let c be (2 - 0) + -1 - -1. Suppose d = c*d. Suppose -3*n + 3 = -d. What is the units digit of n?
1
Let k(l) = l**3 + 2*l - 1. Let d be k(1). Let t(f) = f - 2. Let m be t(d). Suppose m*y - 14 = -2*y. What is the units digit of y?
7
Let f = -32 + 47. Let j = f + -3. Suppose -5*x + 10 = 3*r + 2*r, 3*x - j = -5*r. What is the units digit of r?
3
What is the units digit of 127/1*(11 + -5)/6?
7
What is the tens digit of 1/(-7) + ((-4221)/(-49) - -3)?
8
What is the hundreds digit of (3/(-6)*-50)/((-5)/(-45))?
2
Suppose 4*a - 27 - 321 = 0. What is the units digit of a?
7
Let b = 19 + -15. Suppose t + 3*f = b*f + 3, -4*f = -16. What is the units digit of t?
7
Suppose 12 = -5*v + 2*v. What is the units digit of 108/(-8)*v/6?
9
Let m(a) = a**2 - 3*a - 13. Let c be m(6). Suppose 0 = c*r - r - 172. What is the tens digit of r?
4
Let o = 5 - 3. Let v = 1 + -1. Let u = o - v. What is the units digit of u?
2
Let a = -20 - -24. What is the units digit of (-526)/(-18) + a/(-18)?
9
Let a be 2/5 - 90/(-25). Let z = a + -2. Suppose 0 = -r - 2*r - 5*t + 19, 2*r - z*t = 34. What is the tens digit of r?
1
Let v(a) = 3*a**2 - a + 2. Let f be v(2). Let y = f - 9. What is the units digit of y?
3
Suppose -4*k = -k - 957. What is the hundreds digit of k?
3
Suppose 3*u + 6 = 0, 4*t + 5*u = -3 - 3. Let w be (t/(-3))/(6/(-450)). Suppose 3*a - 7 + w = f, 0 = 2*f + 2*a + 4. What is the units digit of f?
3
Let b(g) = -g**3 + g**2 + 3*g - 1. What is the tens digit of b(-4)?
6
Let i(p) = -p**2 + 8*p - 3. Let q be i(6). Suppose 0 = 2*a - r - 11, q*a + r = 4*a + 10. Let m = a + 14. What is the units digit of m?
7
Let m = 41 + -6. What is the units digit of m?
5
Suppose 0 = -2*d + 1 + 5. Let f = d + 5. What is the units digit of f?
8
Suppose 0 = 5*u - 69 + 4. Let j(z) = -z**3 + 7*z**2 - 5*z + 10. Let o be j(6). Suppose p - v - 3*v - o = 0, -4*p - v = -u. What is the units digit of p?
4
Let b = -6 - -7. Let y be 0*(0/(-2) - b). Suppose y = -5*r + 3*r + 26. What is the units digit of r?
3
Let c = 29 - 9. What is the units digit of c?
0
Let b = 32 - 10. Let u = b - 15. What is the units digit of -1 + u + (0 - 1)?
5
Let z(p) = p**3 + 2*p**2 + 1. Let h be z(-3). Let d = h + 11. Suppose -35 = -4*r - d. What is the units digit of r?
8
Suppose 5*i = -0*i + 15. What is the units digit of i?
3
Suppose -h + 2*w - 4 = 2*h, h - 5*w = -23. Let r(z) = 1 - z - z + 6*z**h + 0. What is the units digit of r(1)?
5
Let f(c) = -5*c**3 + 0*c**3 - 26*c**2 + 28*c**2. Let d be f(2). Let a = d + 48. What is the tens digit of a?
1
Suppose -5*p - 2*u = u - 17, -5*p + 4*u + 24 = 0. Suppose 95 = p*j + j. Suppose -4*k - j = -5*k. What is the tens digit of k?
1
Suppose p - 5*v - 34 = -v, v - 154 = -3*p. Let h = p - 25. Suppose 38 - 13 = 5*r + 5*q, 4*r - q - h = 0. What is the units digit of r?
6
Let h = -26 - 4. Let i be (h/(-24))/((-2)/(-48)). Let q = i + -12. What is the units digit of q?
8
What is the tens digit of 231 + (5/(-2) - (-6)/(-12))?
2
Suppose -5*h + 295 = -15. What is the tens digit of h?
6
Let j = -20 - -62. Suppose -2*d - d = 3*b - j, -2 = d. What is the units digit of b?
6
Let h(b) = b**2 + 6*b - 3. What is the tens digit of h(-8)?
1
Let g = 87 + -50. Suppose -4*a + g + 7 = 0. Let t = a - 6. What is the units digit of t?
5
Let n(l) = -3*l**2 - 4*l - 2. Let d be 0 - (-3)/(6/(-4)). Let j be n(d). What is the units digit of -1 - j/(0 - -3)?
1
Let l(a) = 32*a**2. Let z be l(1). Let t be 4/10 + z/20. What is the tens digit of (20 - 5)/(t/2)?
1
Suppose -4*i = -2*i + 26. Let d = i - -1. Let u = -7 - d. What is the units digit of u?
5
Let b(u) = 25*u. What is the units digit of b(1)?
5
Let p(f) = f**3 + 3*f**2 - 4*f + 4. Let j be p(-4). Suppose 8 + 8 = 4*n. Let g = n + j. What is the units digit of g?
8
Suppose -4*p + 12 = 0, -2*p = 2*t - 85 - 3. What is the tens digit of t?
4
Let v(c) = -7 - 3*c + 9 + 4*c + c**3 + 6*c**2. What is the tens digit of v(-3)?
2
Suppose 5*g + 385 = 5*l, 4*l + 2*g - 308 = 5*g. Let n = l - 42. What is the units digit of ((-30)/n)/(2/(-14))?
6
Suppose 3*u + 2*y = -1, u - 3 = -2*y - 10. Suppose 6*d - 15 = u*d. Suppose 15 = -2*q + d*q. What is the units digit of q?
5
Let w = -107 + 225. What is the units digit of w?
8
Let t(a) = -2*a. Let f(n) = -7*n + 1. Let k(b) = b. Let y(u) = -f(u) - 6*k(u). Let q(j) = -t(j) - 3*y(j). What is the units digit of q(-3)?
6
Let n(f) = -f**3 - 14*f**2 - 13*f + 9. Le